{"id":37,"date":"2025-09-18T10:32:02","date_gmt":"2025-09-18T10:32:02","guid":{"rendered":"http:\/\/mokkihome.fr\/?page_id=37"},"modified":"2025-10-10T11:15:15","modified_gmt":"2025-10-10T11:15:15","slug":"home","status":"publish","type":"page","link":"https:\/\/mokkihome.fr\/","title":{"rendered":"HOME"},"content":{"rendered":"\n<figure class=\"wp-block-image alignfull size-large vk_block-margin-0--margin-bottom vk_block-margin-0--margin-top\"><img alt=\"\" loading=\"lazy\" decoding=\"async\" width=\"1024\" height=\"466\" src=\"http:\/\/mokkihome.fr\/wp-content\/uploads\/2025\/09\/mokkisite1-1024x466.jpg\" alt=\"\" class=\"wp-image-43\" srcset=\"https:\/\/mokkihome.fr\/wp-content\/uploads\/2025\/09\/mokkisite1-1024x466.jpg 1024w, https:\/\/mokkihome.fr\/wp-content\/uploads\/2025\/09\/mokkisite1-300x136.jpg 300w, https:\/\/mokkihome.fr\/wp-content\/uploads\/2025\/09\/mokkisite1-768x349.jpg 768w, https:\/\/mokkihome.fr\/wp-content\/uploads\/2025\/09\/mokkisite1.jpg 1500w\" sizes=\"auto, (max-width: 1024px) 100vw, 1024px\" \/><\/figure>\n\n\n\n<div class=\"wp-block-cover alignfull is-light wp-duotone-unset-1\" style=\"padding-top:var(--wp--preset--spacing--60);padding-bottom:var(--wp--preset--spacing--60);min-height:335px;aspect-ratio:unset;\"><span aria-hidden=\"true\" class=\"wp-block-cover__background has-background-dim\" style=\"background-color:#f3f3f3\"><\/span><div class=\"wp-block-cover__inner-container is-layout-flow wp-block-cover-is-layout-flow\">\n<div class=\"wp-block-columns are-vertically-aligned-center is-layout-flex wp-container-core-columns-is-layout-cbe57604 wp-block-columns-is-layout-flex\">\n<div class=\"wp-block-column is-vertically-aligned-center is-layout-flow wp-block-column-is-layout-flow\" style=\"flex-basis:33.33%\">\n<figure class=\"wp-block-image aligncenter size-full is-resized\"><img alt=\"\" loading=\"lazy\" decoding=\"async\" width=\"457\" height=\"332\" src=\"http:\/\/mokkihome.fr\/wp-content\/uploads\/2025\/09\/logomokkih.jpg\" alt=\"\" class=\"wp-image-94\" style=\"width:412px;height:auto\" srcset=\"https:\/\/mokkihome.fr\/wp-content\/uploads\/2025\/09\/logomokkih.jpg 457w, https:\/\/mokkihome.fr\/wp-content\/uploads\/2025\/09\/logomokkih-300x218.jpg 300w\" sizes=\"auto, (max-width: 457px) 100vw, 457px\" \/><\/figure>\n<\/div>\n\n\n\n<div class=\"wp-block-column is-vertically-aligned-center is-layout-flow wp-block-column-is-layout-flow\" style=\"flex-basis:66.66%\">\n<p>Mokki Home con\u00e7oit des mobil-homes et HLL en madrier massif, concept innovant et r\u00e9volutionnaire. Nous r\u00e9inventons le mobil-home !<\/p>\n\n\n\n<p>M\u00f6kki Home est n\u00e9 de la collaboration des soci\u00e9t\u00e9s Aito et Esprit Nature Bois. Ces derniers, acteurs dans la construction de maison en bois massif depuis plus de 20 ans, transf\u00e8rent d\u00e9sormais leur savoir-faire, de la maison d\u2019habitation au service du mobil-home.<\/p>\n\n\n\n<p>Osez la diff\u00e9rence, soyez Unik.<\/p>\n<\/div>\n<\/div>\n<\/div><\/div>\n\n\n\n<div style=\"height:60px\" aria-hidden=\"true\" class=\"wp-block-spacer\"><\/div>\n\n\n\n<div class=\"wp-block-columns is-layout-flex wp-container-core-columns-is-layout-79832dff wp-block-columns-is-layout-flex\" style=\"margin-bottom:var(--wp--preset--spacing--60)\">\n<div class=\"wp-block-column is-layout-flow wp-block-column-is-layout-flow\">\n<figure class=\"wp-block-gallery has-nested-images columns-default is-cropped wp-block-gallery-2 is-layout-flex wp-block-gallery-is-layout-flex\">\n<figure class=\"wp-block-image size-full\"><img alt=\"\" loading=\"lazy\" decoding=\"async\" width=\"500\" height=\"281\" data-id=\"98\" src=\"http:\/\/mokkihome.fr\/wp-content\/uploads\/2025\/09\/mobile-home-2-1.png\" alt=\"\" class=\"wp-image-98\" srcset=\"https:\/\/mokkihome.fr\/wp-content\/uploads\/2025\/09\/mobile-home-2-1.png 500w, https:\/\/mokkihome.fr\/wp-content\/uploads\/2025\/09\/mobile-home-2-1-300x169.png 300w, https:\/\/mokkihome.fr\/wp-content\/uploads\/2025\/09\/mobile-home-2-1-320x180.png 320w\" sizes=\"auto, (max-width: 500px) 100vw, 500px\" \/><\/figure>\n<\/figure>\n\n\n\n<h5 class=\"wp-block-heading\" id=\"vk-blocks\" style=\"margin-top:1.5rem;margin-bottom:1rem\">Mobil Home<\/h5>\n\n\n\n<p class=\"has-text-align-left\">Nos mobil-homes en bois massif r\u00e9pondront aux plus exigeants d'entre vous. Un concept unique qui vous plongera dans une autre dimension. Robuste, \u00e9cologique, sain et chaleureux, laissez-vous surprendre par l'ambiance d'un bois massif..<\/p>\n\n\n\n<div class=\"wp-block-buttons is-layout-flex wp-block-buttons-is-layout-flex\">\n<div class=\"wp-block-button is-style-outline is-style-outline--3\"><a class=\"wp-block-button__link has-small-font-size has-custom-font-size wp-element-button\" href=\"https:\/\/mokkihome.fr\/index.php\/modeles\/\" style=\"border-radius:0px;padding-top:0.5em;padding-right:1em;padding-bottom:0.5em;padding-left:1em\">Plus ...<\/a><\/div>\n<\/div>\n<\/div>\n\n\n\n<div class=\"wp-block-column is-layout-flow wp-block-column-is-layout-flow\">\n<figure class=\"wp-block-image size-full\"><img alt=\"\" loading=\"lazy\" decoding=\"async\" width=\"500\" height=\"281\" src=\"http:\/\/mokkihome.fr\/wp-content\/uploads\/2025\/09\/Mobil-home-R-1-1.png\" alt=\"\" class=\"wp-image-92\" srcset=\"https:\/\/mokkihome.fr\/wp-content\/uploads\/2025\/09\/Mobil-home-R-1-1.png 500w, https:\/\/mokkihome.fr\/wp-content\/uploads\/2025\/09\/Mobil-home-R-1-1-300x169.png 300w, https:\/\/mokkihome.fr\/wp-content\/uploads\/2025\/09\/Mobil-home-R-1-1-320x180.png 320w\" sizes=\"auto, (max-width: 500px) 100vw, 500px\" \/><\/figure>\n\n\n\n<h5 class=\"wp-block-heading\" id=\"vk-blocks\" style=\"margin-top:1.5rem;margin-bottom:1rem\">HLL<\/h5>\n\n\n\n<p>Tout comme nos mobil-homes nos HLL en bois massif seront id\u00e9aux pour des personnes en qu\u00eate de<\/p>\n\n\n\n<div class=\"wp-block-buttons is-layout-flex wp-block-buttons-is-layout-flex\">\n<div class=\"wp-block-button is-style-outline is-style-outline--4\"><a class=\"wp-block-button__link has-small-font-size has-custom-font-size wp-element-button\" href=\"\" style=\"border-radius:0px;padding-top:0.5em;padding-right:1em;padding-bottom:0.5em;padding-left:1em\">Plus ...<\/a><\/div>\n<\/div>\n<\/div>\n\n\n\n<div class=\"wp-block-column is-layout-flow wp-block-column-is-layout-flow\">\n<figure class=\"wp-block-image size-full\"><img decoding=\"async\" src=\"http:\/\/mokkihome.fr\/wp-content\/themes\/lightning\/_g3\/assets\/images\/sample-image-gray.png\" alt=\"\"\/><\/figure>\n\n\n\n<h5 class=\"wp-block-heading\" id=\"vk-blocks\" style=\"margin-top:1.5rem;margin-bottom:1rem\">Studio de jardin<\/h5>\n\n\n\n<p>Besoin d'une pi\u00e8ce suppl\u00e9mentaire, nos solutions de moins de 20 m\u00b2 pourront r\u00e9pondre \u00e0 vos besoins.et ne n\u00e9cessitent pas de permis de construire.<\/p>\n\n\n\n<div class=\"wp-block-buttons is-layout-flex wp-block-buttons-is-layout-flex\">\n<div class=\"wp-block-button is-style-outline is-style-outline--5\"><a class=\"wp-block-button__link has-small-font-size has-custom-font-size wp-element-button\" href=\"\" style=\"border-radius:0px;padding-top:0.5em;padding-right:1em;padding-bottom:0.5em;padding-left:1em\">Plus ...<\/a><\/div>\n<\/div>\n<\/div>\n<\/div>\n\n\n\n<h2 class=\"wp-block-heading\">Renseignements<\/h2>\n\n\n\n\n<div class=\"wpcf7 no-js\" id=\"wpcf7-f141-o1\" lang=\"fr-FR\" dir=\"ltr\" data-wpcf7-id=\"141\">\n<div class=\"screen-reader-response\"><p role=\"status\" aria-live=\"polite\" aria-atomic=\"true\"><\/p> <ul><\/ul><\/div>\n<form action=\"\/index.php\/wp-json\/wp\/v2\/pages\/37#wpcf7-f141-o1\" method=\"post\" class=\"wpcf7-form init\" aria-label=\"Formulaire de contact\" novalidate=\"novalidate\" data-status=\"init\">\n<fieldset class=\"hidden-fields-container\"><input type=\"hidden\" name=\"_wpcf7\" value=\"141\" \/><input type=\"hidden\" name=\"_wpcf7_version\" value=\"6.1.5\" \/><input type=\"hidden\" name=\"_wpcf7_locale\" value=\"fr_FR\" \/><input type=\"hidden\" name=\"_wpcf7_unit_tag\" value=\"wpcf7-f141-o1\" \/><input type=\"hidden\" name=\"_wpcf7_container_post\" value=\"0\" \/><input type=\"hidden\" name=\"_wpcf7_posted_data_hash\" value=\"\" \/>\n<\/fieldset>\n<p><label> Nom - Pr\u00e9nom<br \/>\n<span class=\"wpcf7-form-control-wrap\" data-name=\"your-name\"><input size=\"40\" maxlength=\"400\" class=\"wpcf7-form-control wpcf7-text wpcf7-validates-as-required\" autocomplete=\"name\" aria-required=\"true\" aria-invalid=\"false\" value=\"\" type=\"text\" name=\"your-name\" \/><\/span> <\/label>\n<\/p>\n<p><label> E-mail<br \/>\n<span class=\"wpcf7-form-control-wrap\" data-name=\"your-email\"><input size=\"40\" maxlength=\"400\" class=\"wpcf7-form-control wpcf7-email wpcf7-validates-as-required wpcf7-text wpcf7-validates-as-email\" autocomplete=\"email\" aria-required=\"true\" aria-invalid=\"false\" value=\"\" type=\"email\" name=\"your-email\" \/><\/span> <\/label>\n<\/p>\n<p><label> T\u00e9l\u00e9phone<br \/>\n<span class=\"wpcf7-form-control-wrap\" data-name=\"tel-579\"><input size=\"40\" maxlength=\"400\" class=\"wpcf7-form-control wpcf7-tel wpcf7-validates-as-required wpcf7-text wpcf7-validates-as-tel\" aria-required=\"true\" aria-invalid=\"false\" value=\"\" type=\"tel\" name=\"tel-579\" \/><\/span><\/label>\n<\/p>\n<p><label> Votre message<br \/>\n<span class=\"wpcf7-form-control-wrap\" data-name=\"your-message\"><textarea cols=\"40\" rows=\"10\" maxlength=\"2000\" class=\"wpcf7-form-control wpcf7-textarea wpcf7-validates-as-required\" aria-required=\"true\" aria-invalid=\"false\" name=\"your-message\"><\/textarea><\/span> <\/label>\n<\/p>\n<p><input class=\"wpcf7-form-control wpcf7-submit has-spinner\" type=\"submit\" value=\"Envoyer\" \/>\n<\/p><div class=\"wpcf7-response-output\" aria-hidden=\"true\"><\/div>\n<\/form>\n<\/div>\n\n\n\n\n<p><\/p>\n","protected":false},"excerpt":{"rendered":"<p>Mobil Home Nos mobil-homes en bois massif r\u00e9pondront aux plus exigeants d'entre vous. Un concept unique qui vous plongera dans une autre dimension. Robuste, \u00e9cologique, sain et chaleureux, laissez-vous surprendre par l'ambiance d'un bois massif.. HLL Tout comme nos mobil-homes nos HLL en bois massif seront id\u00e9aux pour des personnes en qu\u00eate de Studio de [&hellip;]<\/p>\n","protected":false},"author":1,"featured_media":43,"parent":0,"menu_order":0,"comment_status":"closed","ping_status":"closed","template":"","meta":{"_seopress_robots_primary_cat":"","_seopress_titles_title":"Mokki Home","_seopress_titles_desc":"Mokki Home con\u00e7oit des mobil-homes et HLL en madrier massif de Finlande, concept innovant et r\u00e9volutionnaire. Nous r\u00e9inventons le mobil-home !","_seopress_robots_index":"","_kadence_starter_templates_imported_post":false,"vkexunit_cta_each_option":"","footnotes":""},"class_list":["post-37","page","type-page","status-publish","has-post-thumbnail","hentry"],"_links":{"self":[{"href":"https:\/\/mokkihome.fr\/index.php\/wp-json\/wp\/v2\/pages\/37","targetHints":{"allow":["GET"]}}],"collection":[{"href":"https:\/\/mokkihome.fr\/index.php\/wp-json\/wp\/v2\/pages"}],"about":[{"href":"https:\/\/mokkihome.fr\/index.php\/wp-json\/wp\/v2\/types\/page"}],"author":[{"embeddable":true,"href":"https:\/\/mokkihome.fr\/index.php\/wp-json\/wp\/v2\/users\/1"}],"replies":[{"embeddable":true,"href":"https:\/\/mokkihome.fr\/index.php\/wp-json\/wp\/v2\/comments?post=37"}],"version-history":[{"count":27,"href":"https:\/\/mokkihome.fr\/index.php\/wp-json\/wp\/v2\/pages\/37\/revisions"}],"predecessor-version":[{"id":265,"href":"https:\/\/mokkihome.fr\/index.php\/wp-json\/wp\/v2\/pages\/37\/revisions\/265"}],"wp:featuredmedia":[{"embeddable":true,"href":"https:\/\/mokkihome.fr\/index.php\/wp-json\/wp\/v2\/media\/43"}],"wp:attachment":[{"href":"https:\/\/mokkihome.fr\/index.php\/wp-json\/wp\/v2\/media?parent=37"}],"curies":[{"name":"wp","href":"https:\/\/api.w.org\/{rel}","templated":true}]}}